{"id":10667,"date":"2021-11-29T16:28:37","date_gmt":"2021-11-29T15:28:37","guid":{"rendered":"https:\/\/www.cadeauxfolies.fr\/blog\/?page_id=10667"},"modified":"2021-11-30T10:35:51","modified_gmt":"2021-11-30T09:35:51","slug":"marche-de-noel-stand-de-vin-chaud","status":"publish","type":"page","link":"https:\/\/www.cadeauxfolies.fr\/blog\/marche-de-noel-stand-de-vin-chaud","title":{"rendered":"March\u00e9 de No\u00ebl perso : votre stand de vin chaud"},"content":{"rendered":"<h3 style=\"text-align: center;\"><strong>F\u00e9licitations, v<\/strong><strong>ous avez r\u00e9ussi \u00e0 d\u00e9crocher un des tr\u00e8s convoit\u00e9s <a href=\"https:\/\/www.cadeauxfolies.fr\/stand-de-vin-chaud-personnalisable\" target=\"_blank\" rel=\"noopener noreferrer\">stands de vin chaud <\/a>de march\u00e9 de No\u00ebl. \ud83c\udf85\ud83c\udf89\ud83c\udf77<\/strong><\/h3>\n<p style=\"text-align: center;\">Pour en profiter pleinement, voici une vid\u00e9o mode d\u2019emploi pour le montage du stand de vin chaud de votre march\u00e9 de No\u00ebl priv\u00e9. Nous l\u2019avons film\u00e9e sp\u00e9cialement pour vous et esp\u00e9rons qu\u2019elle vous aidera.<\/p>\n<div style=\"width: 1000px;\" class=\"wp-video\"><!--[if lt IE 9]><script>document.createElement('video');<\/script><![endif]-->\n<video class=\"wp-video-shortcode\" id=\"video-10667-1\" width=\"1000\" height=\"1500\" preload=\"metadata\" controls=\"controls\"><source type=\"video\/mp4\" src=\"https:\/\/www.cadeauxfolies.fr\/blog\/wp-content\/uploads\/2021\/11\/FR-Aufbauanleitung-Gl\u00fchweinstand.mp4?_=1\" \/><a href=\"https:\/\/www.cadeauxfolies.fr\/blog\/wp-content\/uploads\/2021\/11\/FR-Aufbauanleitung-Gl\u00fchweinstand.mp4\">https:\/\/www.cadeauxfolies.fr\/blog\/wp-content\/uploads\/2021\/11\/FR-Aufbauanleitung-Gl\u00fchweinstand.mp4<\/a><\/video><\/div>\n<h3 style=\"text-align: center;\"><strong>Ce que contient le paquet :<\/strong><\/h3>\n<p><img loading=\"lazy\" decoding=\"async\" class=\"aligncenter wp-image-10671 size-full\" src=\"https:\/\/www.cadeauxfolies.fr\/blog\/wp-content\/uploads\/2021\/11\/Dach-3.png\" border=\"0\" alt=\"March\u00e9 de No\u00ebl chez soi : mode d'emploi pour le montage du stand e vin chaud en carton\" width=\"1000\" height=\"400\" srcset=\"https:\/\/www.cadeauxfolies.fr\/blog\/wp-content\/uploads\/2021\/11\/Dach-3.png 1000w, https:\/\/www.cadeauxfolies.fr\/blog\/wp-content\/uploads\/2021\/11\/Dach-3-150x60.png 150w, https:\/\/www.cadeauxfolies.fr\/blog\/wp-content\/uploads\/2021\/11\/Dach-3-300x120.png 300w, https:\/\/www.cadeauxfolies.fr\/blog\/wp-content\/uploads\/2021\/11\/Dach-3-768x307.png 768w, https:\/\/www.cadeauxfolies.fr\/blog\/wp-content\/uploads\/2021\/11\/Dach-3-720x288.png 720w, https:\/\/www.cadeauxfolies.fr\/blog\/wp-content\/uploads\/2021\/11\/Dach-3-160x64.png 160w\" sizes=\"auto, (max-width: 1000px) 100vw, 1000px\" \/><\/p>\n<p>&nbsp;<\/p>\n<p style=\"text-align: center;\"><strong>Important <\/strong>: Plier d&#8217;abord toutes les pi\u00e8ces pour que les connecteurs fonctionnent facilement et que le carton ne se d\u00e9chire pas.<\/p>\n<p>&nbsp;<\/p>\n<p style=\"text-align: center;\"><img loading=\"lazy\" decoding=\"async\" class=\"aligncenter wp-image-10678 size-large\" src=\"https:\/\/www.cadeauxfolies.fr\/blog\/wp-content\/uploads\/2021\/11\/Gl\u00fchweinstand-Aufbau-Anleitung-2-683x1024.png\" border=\"0\" alt=\"March\u00e9 de No\u00ebl chez soi : mode d'emploi pour le montage du stand e vin chaud en carton\" width=\"683\" height=\"1024\" srcset=\"https:\/\/www.cadeauxfolies.fr\/blog\/wp-content\/uploads\/2021\/11\/Gl\u00fchweinstand-Aufbau-Anleitung-2-683x1024.png 683w, https:\/\/www.cadeauxfolies.fr\/blog\/wp-content\/uploads\/2021\/11\/Gl\u00fchweinstand-Aufbau-Anleitung-2-100x150.png 100w, https:\/\/www.cadeauxfolies.fr\/blog\/wp-content\/uploads\/2021\/11\/Gl\u00fchweinstand-Aufbau-Anleitung-2-200x300.png 200w, https:\/\/www.cadeauxfolies.fr\/blog\/wp-content\/uploads\/2021\/11\/Gl\u00fchweinstand-Aufbau-Anleitung-2-768x1152.png 768w, https:\/\/www.cadeauxfolies.fr\/blog\/wp-content\/uploads\/2021\/11\/Gl\u00fchweinstand-Aufbau-Anleitung-2-720x1080.png 720w, https:\/\/www.cadeauxfolies.fr\/blog\/wp-content\/uploads\/2021\/11\/Gl\u00fchweinstand-Aufbau-Anleitung-2-160x240.png 160w, https:\/\/www.cadeauxfolies.fr\/blog\/wp-content\/uploads\/2021\/11\/Gl\u00fchweinstand-Aufbau-Anleitung-2.png 1000w\" sizes=\"auto, (max-width: 683px) 100vw, 683px\" \/><\/p>\n<p style=\"text-align: center;\">Il ne nous reste plus qu\u2019\u00e0 vous souhaiter beaucoup de plaisir et de moments conviviaux sans stress \u00e0 votre stand de vin chaud personnel ! \u00a0\ud83c\udf85\ud83c\udf89\ud83c\udf77<\/p>\n<p style=\"text-align: center;\">\u00a0\ud83d\udc47 <strong>N\u2019h\u00e9sitez pas \u00e0 partager avec nous toutes vos <a href=\"https:\/\/www.instagram.com\/cadeauxfolies\/\" target=\"_blank\" rel=\"noopener noreferrer\">photos, vid\u00e9os et storys\u00a0amusantes<\/a> !\u00a0<\/strong><strong>\u00a0<\/strong>\ud83d\udc47<\/p>\n<p style=\"text-align: center;\"><a href=\"https:\/\/www.instagram.com\/cadeauxfolies\/\"><img loading=\"lazy\" decoding=\"async\" class=\"aligncenter wp-image-10624 size-full\" src=\"https:\/\/www.cadeauxfolies.fr\/blog\/wp-content\/uploads\/2021\/11\/social-icon-1.png\" border=\"0\" alt=\"Mode d'emploi pour le montage du stand e vin chaud en carton\" width=\"100\" height=\"100\" \/><\/a><\/p>\n","protected":false},"excerpt":{"rendered":"<p>F\u00e9licitations, vous avez r\u00e9ussi \u00e0 d\u00e9crocher un des tr\u00e8s convoit\u00e9s stands de vin chaud de march\u00e9 de No\u00ebl. \ud83c\udf85\ud83c\udf89\ud83c\udf77 Pour en profiter pleinement, voici une vid\u00e9o mode d\u2019emploi pour le montage du stand de vin chaud de votre march\u00e9 de No\u00ebl priv\u00e9. Nous l\u2019avons film\u00e9e sp\u00e9cialement pour vous et esp\u00e9rons qu\u2019elle vous aidera. Ce que&hellip;<\/p>\n","protected":false},"author":1,"featured_media":10676,"parent":0,"menu_order":0,"comment_status":"closed","ping_status":"closed","template":"","meta":{"footnotes":""},"class_list":["post-10667","page","type-page","status-publish","has-post-thumbnail","hentry"],"yoast_head":"<!-- This site is optimized with the Yoast SEO plugin v25.5 - https:\/\/yoast.com\/wordpress\/plugins\/seo\/ -->\n<title>March\u00e9 de No\u00ebl perso : votre stand de vin chaud - Blog CadeauxFolies<\/title>\n<meta name=\"description\" content=\"Fini les heures de queue et la foule ! Voici pour vous un stand de vin chaud 2.0 : cr\u00e9ez votre march\u00e9 de No\u00ebl personnel juste pour vos proches !\" \/>\n<meta name=\"robots\" content=\"index, follow, max-snippet:-1, max-image-preview:large, max-video-preview:-1\" \/>\n<link rel=\"canonical\" href=\"https:\/\/www.cadeauxfolies.fr\/blog\/marche-de-noel-stand-de-vin-chaud\" \/>\n<meta property=\"og:locale\" content=\"en_US\" \/>\n<meta property=\"og:type\" content=\"article\" \/>\n<meta property=\"og:title\" content=\"March\u00e9 de No\u00ebl perso : votre stand de vin chaud - Blog CadeauxFolies\" \/>\n<meta property=\"og:description\" content=\"Fini les heures de queue et la foule ! Voici pour vous un stand de vin chaud 2.0 : cr\u00e9ez votre march\u00e9 de No\u00ebl personnel juste pour vos proches !\" \/>\n<meta property=\"og:url\" content=\"https:\/\/www.cadeauxfolies.fr\/blog\/marche-de-noel-stand-de-vin-chaud\" \/>\n<meta property=\"og:site_name\" content=\"Le Blog de CadeauxFolies\" \/>\n<meta property=\"article:modified_time\" content=\"2021-11-30T09:35:51+00:00\" \/>\n<meta property=\"og:image\" content=\"https:\/\/www.cadeauxfolies.fr\/blog\/wp-content\/uploads\/2021\/11\/ES_-Copy-of-BLOG_HEADER_diverse-1024x576.png\" \/>\n\t<meta property=\"og:image:width\" content=\"1024\" \/>\n\t<meta property=\"og:image:height\" content=\"576\" \/>\n\t<meta property=\"og:image:type\" content=\"image\/png\" \/>\n<meta name=\"twitter:label1\" content=\"Est. reading time\" \/>\n\t<meta name=\"twitter:data1\" content=\"1 minute\" \/>\n<script type=\"application\/ld+json\" class=\"yoast-schema-graph\">{\"@context\":\"https:\/\/schema.org\",\"@graph\":[{\"@type\":\"WebPage\",\"@id\":\"https:\/\/www.cadeauxfolies.fr\/blog\/marche-de-noel-stand-de-vin-chaud\",\"url\":\"https:\/\/www.cadeauxfolies.fr\/blog\/marche-de-noel-stand-de-vin-chaud\",\"name\":\"March\u00e9 de No\u00ebl perso : votre stand de vin chaud - Blog CadeauxFolies\",\"isPartOf\":{\"@id\":\"https:\/\/www.cadeauxfolies.fr\/blog\/#website\"},\"primaryImageOfPage\":{\"@id\":\"https:\/\/www.cadeauxfolies.fr\/blog\/marche-de-noel-stand-de-vin-chaud#primaryimage\"},\"image\":{\"@id\":\"https:\/\/www.cadeauxfolies.fr\/blog\/marche-de-noel-stand-de-vin-chaud#primaryimage\"},\"thumbnailUrl\":\"https:\/\/www.cadeauxfolies.fr\/blog\/wp-content\/uploads\/2021\/11\/ES_-Copy-of-BLOG_HEADER_diverse.png\",\"datePublished\":\"2021-11-29T15:28:37+00:00\",\"dateModified\":\"2021-11-30T09:35:51+00:00\",\"description\":\"Fini les heures de queue et la foule ! Voici pour vous un stand de vin chaud 2.0 : cr\u00e9ez votre march\u00e9 de No\u00ebl personnel juste pour vos proches !\",\"breadcrumb\":{\"@id\":\"https:\/\/www.cadeauxfolies.fr\/blog\/marche-de-noel-stand-de-vin-chaud#breadcrumb\"},\"inLanguage\":\"en-US\",\"potentialAction\":[{\"@type\":\"ReadAction\",\"target\":[\"https:\/\/www.cadeauxfolies.fr\/blog\/marche-de-noel-stand-de-vin-chaud\"]}]},{\"@type\":\"ImageObject\",\"inLanguage\":\"en-US\",\"@id\":\"https:\/\/www.cadeauxfolies.fr\/blog\/marche-de-noel-stand-de-vin-chaud#primaryimage\",\"url\":\"https:\/\/www.cadeauxfolies.fr\/blog\/wp-content\/uploads\/2021\/11\/ES_-Copy-of-BLOG_HEADER_diverse.png\",\"contentUrl\":\"https:\/\/www.cadeauxfolies.fr\/blog\/wp-content\/uploads\/2021\/11\/ES_-Copy-of-BLOG_HEADER_diverse.png\",\"width\":2240,\"height\":1260,\"caption\":\"March\u00e9 de No\u00ebl chez soi : mode d'emploi pour le montage du stand e vin chaud en carton\"},{\"@type\":\"BreadcrumbList\",\"@id\":\"https:\/\/www.cadeauxfolies.fr\/blog\/marche-de-noel-stand-de-vin-chaud#breadcrumb\",\"itemListElement\":[{\"@type\":\"ListItem\",\"position\":1,\"name\":\"Home\",\"item\":\"https:\/\/www.cadeauxfolies.fr\/blog\"},{\"@type\":\"ListItem\",\"position\":2,\"name\":\"March\u00e9 de No\u00ebl perso : votre stand de vin chaud\"}]},{\"@type\":\"WebSite\",\"@id\":\"https:\/\/www.cadeauxfolies.fr\/blog\/#website\",\"url\":\"https:\/\/www.cadeauxfolies.fr\/blog\/\",\"name\":\"Le Blog de CadeauxFolies\",\"description\":\"\",\"publisher\":{\"@id\":\"https:\/\/www.cadeauxfolies.fr\/blog\/#organization\"},\"potentialAction\":[{\"@type\":\"SearchAction\",\"target\":{\"@type\":\"EntryPoint\",\"urlTemplate\":\"https:\/\/www.cadeauxfolies.fr\/blog\/?s={search_term_string}\"},\"query-input\":{\"@type\":\"PropertyValueSpecification\",\"valueRequired\":true,\"valueName\":\"search_term_string\"}}],\"inLanguage\":\"en-US\"},{\"@type\":\"Organization\",\"@id\":\"https:\/\/www.cadeauxfolies.fr\/blog\/#organization\",\"name\":\"Le Blog de CadeauxFolies\",\"url\":\"https:\/\/www.cadeauxfolies.fr\/blog\/\",\"logo\":{\"@type\":\"ImageObject\",\"inLanguage\":\"en-US\",\"@id\":\"https:\/\/www.cadeauxfolies.fr\/blog\/#\/schema\/logo\/image\/\",\"url\":\"https:\/\/www.cadeauxfolies.fr\/blog\/wp-content\/uploads\/2017\/10\/cadeauxfolies_570x180px_rechnungstemplate.png\",\"contentUrl\":\"https:\/\/www.cadeauxfolies.fr\/blog\/wp-content\/uploads\/2017\/10\/cadeauxfolies_570x180px_rechnungstemplate.png\",\"width\":570,\"height\":180,\"caption\":\"Le Blog de CadeauxFolies\"},\"image\":{\"@id\":\"https:\/\/www.cadeauxfolies.fr\/blog\/#\/schema\/logo\/image\/\"}}]}<\/script>\n<!-- \/ Yoast SEO plugin. -->","yoast_head_json":{"title":"March\u00e9 de No\u00ebl perso : votre stand de vin chaud - Blog CadeauxFolies","description":"Fini les heures de queue et la foule ! Voici pour vous un stand de vin chaud 2.0 : cr\u00e9ez votre march\u00e9 de No\u00ebl personnel juste pour vos proches !","robots":{"index":"index","follow":"follow","max-snippet":"max-snippet:-1","max-image-preview":"max-image-preview:large","max-video-preview":"max-video-preview:-1"},"canonical":"https:\/\/www.cadeauxfolies.fr\/blog\/marche-de-noel-stand-de-vin-chaud","og_locale":"en_US","og_type":"article","og_title":"March\u00e9 de No\u00ebl perso : votre stand de vin chaud - Blog CadeauxFolies","og_description":"Fini les heures de queue et la foule ! Voici pour vous un stand de vin chaud 2.0 : cr\u00e9ez votre march\u00e9 de No\u00ebl personnel juste pour vos proches !","og_url":"https:\/\/www.cadeauxfolies.fr\/blog\/marche-de-noel-stand-de-vin-chaud","og_site_name":"Le Blog de CadeauxFolies","article_modified_time":"2021-11-30T09:35:51+00:00","og_image":[{"width":1024,"height":576,"url":"https:\/\/www.cadeauxfolies.fr\/blog\/wp-content\/uploads\/2021\/11\/ES_-Copy-of-BLOG_HEADER_diverse-1024x576.png","type":"image\/png"}],"twitter_misc":{"Est. reading time":"1 minute"},"schema":{"@context":"https:\/\/schema.org","@graph":[{"@type":"WebPage","@id":"https:\/\/www.cadeauxfolies.fr\/blog\/marche-de-noel-stand-de-vin-chaud","url":"https:\/\/www.cadeauxfolies.fr\/blog\/marche-de-noel-stand-de-vin-chaud","name":"March\u00e9 de No\u00ebl perso : votre stand de vin chaud - Blog CadeauxFolies","isPartOf":{"@id":"https:\/\/www.cadeauxfolies.fr\/blog\/#website"},"primaryImageOfPage":{"@id":"https:\/\/www.cadeauxfolies.fr\/blog\/marche-de-noel-stand-de-vin-chaud#primaryimage"},"image":{"@id":"https:\/\/www.cadeauxfolies.fr\/blog\/marche-de-noel-stand-de-vin-chaud#primaryimage"},"thumbnailUrl":"https:\/\/www.cadeauxfolies.fr\/blog\/wp-content\/uploads\/2021\/11\/ES_-Copy-of-BLOG_HEADER_diverse.png","datePublished":"2021-11-29T15:28:37+00:00","dateModified":"2021-11-30T09:35:51+00:00","description":"Fini les heures de queue et la foule ! Voici pour vous un stand de vin chaud 2.0 : cr\u00e9ez votre march\u00e9 de No\u00ebl personnel juste pour vos proches !","breadcrumb":{"@id":"https:\/\/www.cadeauxfolies.fr\/blog\/marche-de-noel-stand-de-vin-chaud#breadcrumb"},"inLanguage":"en-US","potentialAction":[{"@type":"ReadAction","target":["https:\/\/www.cadeauxfolies.fr\/blog\/marche-de-noel-stand-de-vin-chaud"]}]},{"@type":"ImageObject","inLanguage":"en-US","@id":"https:\/\/www.cadeauxfolies.fr\/blog\/marche-de-noel-stand-de-vin-chaud#primaryimage","url":"https:\/\/www.cadeauxfolies.fr\/blog\/wp-content\/uploads\/2021\/11\/ES_-Copy-of-BLOG_HEADER_diverse.png","contentUrl":"https:\/\/www.cadeauxfolies.fr\/blog\/wp-content\/uploads\/2021\/11\/ES_-Copy-of-BLOG_HEADER_diverse.png","width":2240,"height":1260,"caption":"March\u00e9 de No\u00ebl chez soi : mode d'emploi pour le montage du stand e vin chaud en carton"},{"@type":"BreadcrumbList","@id":"https:\/\/www.cadeauxfolies.fr\/blog\/marche-de-noel-stand-de-vin-chaud#breadcrumb","itemListElement":[{"@type":"ListItem","position":1,"name":"Home","item":"https:\/\/www.cadeauxfolies.fr\/blog"},{"@type":"ListItem","position":2,"name":"March\u00e9 de No\u00ebl perso : votre stand de vin chaud"}]},{"@type":"WebSite","@id":"https:\/\/www.cadeauxfolies.fr\/blog\/#website","url":"https:\/\/www.cadeauxfolies.fr\/blog\/","name":"Le Blog de CadeauxFolies","description":"","publisher":{"@id":"https:\/\/www.cadeauxfolies.fr\/blog\/#organization"},"potentialAction":[{"@type":"SearchAction","target":{"@type":"EntryPoint","urlTemplate":"https:\/\/www.cadeauxfolies.fr\/blog\/?s={search_term_string}"},"query-input":{"@type":"PropertyValueSpecification","valueRequired":true,"valueName":"search_term_string"}}],"inLanguage":"en-US"},{"@type":"Organization","@id":"https:\/\/www.cadeauxfolies.fr\/blog\/#organization","name":"Le Blog de CadeauxFolies","url":"https:\/\/www.cadeauxfolies.fr\/blog\/","logo":{"@type":"ImageObject","inLanguage":"en-US","@id":"https:\/\/www.cadeauxfolies.fr\/blog\/#\/schema\/logo\/image\/","url":"https:\/\/www.cadeauxfolies.fr\/blog\/wp-content\/uploads\/2017\/10\/cadeauxfolies_570x180px_rechnungstemplate.png","contentUrl":"https:\/\/www.cadeauxfolies.fr\/blog\/wp-content\/uploads\/2017\/10\/cadeauxfolies_570x180px_rechnungstemplate.png","width":570,"height":180,"caption":"Le Blog de CadeauxFolies"},"image":{"@id":"https:\/\/www.cadeauxfolies.fr\/blog\/#\/schema\/logo\/image\/"}}]}},"_links":{"self":[{"href":"https:\/\/www.cadeauxfolies.fr\/blog\/wp-json\/wp\/v2\/pages\/10667","targetHints":{"allow":["GET"]}}],"collection":[{"href":"https:\/\/www.cadeauxfolies.fr\/blog\/wp-json\/wp\/v2\/pages"}],"about":[{"href":"https:\/\/www.cadeauxfolies.fr\/blog\/wp-json\/wp\/v2\/types\/page"}],"author":[{"embeddable":true,"href":"https:\/\/www.cadeauxfolies.fr\/blog\/wp-json\/wp\/v2\/users\/1"}],"replies":[{"embeddable":true,"href":"https:\/\/www.cadeauxfolies.fr\/blog\/wp-json\/wp\/v2\/comments?post=10667"}],"version-history":[{"count":11,"href":"https:\/\/www.cadeauxfolies.fr\/blog\/wp-json\/wp\/v2\/pages\/10667\/revisions"}],"predecessor-version":[{"id":10670,"href":"https:\/\/www.cadeauxfolies.fr\/blog\/wp-json\/wp\/v2\/pages\/10667\/revisions\/10670"}],"wp:featuredmedia":[{"embeddable":true,"href":"https:\/\/www.cadeauxfolies.fr\/blog\/wp-json\/wp\/v2\/media\/10676"}],"wp:attachment":[{"href":"https:\/\/www.cadeauxfolies.fr\/blog\/wp-json\/wp\/v2\/media?parent=10667"}],"curies":[{"name":"wp","href":"https:\/\/api.w.org\/{rel}","templated":true}]}}