{"id":12581,"date":"2023-11-20T11:17:39","date_gmt":"2023-11-20T10:17:39","guid":{"rendered":"https:\/\/www.cadeauxfolies.fr\/blog\/?page_id=12581"},"modified":"2023-11-30T13:02:01","modified_gmt":"2023-11-30T12:02:01","slug":"grand-jeu-concours","status":"publish","type":"page","link":"https:\/\/www.cadeauxfolies.fr\/blog\/grand-jeu-concours","title":{"rendered":""},"content":{"rendered":"\n<figure class=\"wp-block-image size-full\"><img loading=\"lazy\" decoding=\"async\" width=\"1000\" height=\"300\" src=\"https:\/\/www.cadeauxfolies.fr\/blog\/wp-content\/uploads\/2023\/11\/Gaumont_gewinnspiel_teilnahme-1.png\" alt=\"\" class=\"wp-image-12660\" srcset=\"https:\/\/www.cadeauxfolies.fr\/blog\/wp-content\/uploads\/2023\/11\/Gaumont_gewinnspiel_teilnahme-1.png 1000w, https:\/\/www.cadeauxfolies.fr\/blog\/wp-content\/uploads\/2023\/11\/Gaumont_gewinnspiel_teilnahme-1-300x90.png 300w, https:\/\/www.cadeauxfolies.fr\/blog\/wp-content\/uploads\/2023\/11\/Gaumont_gewinnspiel_teilnahme-1-150x45.png 150w, https:\/\/www.cadeauxfolies.fr\/blog\/wp-content\/uploads\/2023\/11\/Gaumont_gewinnspiel_teilnahme-1-768x230.png 768w, https:\/\/www.cadeauxfolies.fr\/blog\/wp-content\/uploads\/2023\/11\/Gaumont_gewinnspiel_teilnahme-1-720x216.png 720w, https:\/\/www.cadeauxfolies.fr\/blog\/wp-content\/uploads\/2023\/11\/Gaumont_gewinnspiel_teilnahme-1-160x48.png 160w\" sizes=\"auto, (max-width: 1000px) 100vw, 1000px\" \/><\/figure>\n\n\n\n<p><\/p>\n\n\n\n<p class=\"has-text-align-center has-white-color has-text-color has-background has-large-font-size\" style=\"background-color:#435e63\"><strong>CADEAUX FOLIES<\/strong> <strong>F\u00caTE LA SORTIE DU FILM NO\u00cbL JOYEUX LE 6 D\u00c9CEMBRE 2023<\/strong><\/p>\n\n\n<div class=\"wp-block-image\">\n<figure class=\"aligncenter size-large\"><a href=\"https:\/\/www.gaumont.com\/fr\/fr\/film\/noel-joyeux\" target=\"_blank\" rel=\"noreferrer noopener\"><img loading=\"lazy\" decoding=\"async\" width=\"768\" height=\"1024\" src=\"https:\/\/www.cadeauxfolies.fr\/blog\/wp-content\/uploads\/2023\/11\/NOEL-JOYEUX_120x160_HD-1-768x1024.jpg\" alt=\"\" class=\"wp-image-12653\" srcset=\"https:\/\/www.cadeauxfolies.fr\/blog\/wp-content\/uploads\/2023\/11\/NOEL-JOYEUX_120x160_HD-1-768x1024.jpg 768w, https:\/\/www.cadeauxfolies.fr\/blog\/wp-content\/uploads\/2023\/11\/NOEL-JOYEUX_120x160_HD-1-225x300.jpg 225w, https:\/\/www.cadeauxfolies.fr\/blog\/wp-content\/uploads\/2023\/11\/NOEL-JOYEUX_120x160_HD-1-113x150.jpg 113w, https:\/\/www.cadeauxfolies.fr\/blog\/wp-content\/uploads\/2023\/11\/NOEL-JOYEUX_120x160_HD-1-1152x1536.jpg 1152w, https:\/\/www.cadeauxfolies.fr\/blog\/wp-content\/uploads\/2023\/11\/NOEL-JOYEUX_120x160_HD-1-1536x2048.jpg 1536w, https:\/\/www.cadeauxfolies.fr\/blog\/wp-content\/uploads\/2023\/11\/NOEL-JOYEUX_120x160_HD-1-1140x1520.jpg 1140w, https:\/\/www.cadeauxfolies.fr\/blog\/wp-content\/uploads\/2023\/11\/NOEL-JOYEUX_120x160_HD-1-720x960.jpg 720w, https:\/\/www.cadeauxfolies.fr\/blog\/wp-content\/uploads\/2023\/11\/NOEL-JOYEUX_120x160_HD-1-160x213.jpg 160w, https:\/\/www.cadeauxfolies.fr\/blog\/wp-content\/uploads\/2023\/11\/NOEL-JOYEUX_120x160_HD-1-scaled.jpg 1920w\" sizes=\"auto, (max-width: 768px) 100vw, 768px\" \/><\/a><\/figure><\/div>\n\n\n<p class=\"has-text-align-center has-white-color has-text-color has-background has-large-font-size\" style=\"background-color:#435e63\"><strong>PARTICIPEZ AU JEU-CONCOURS ET <\/strong><br><strong>GAGNEZ DE NOMBREUX CADEAUX &nbsp;<\/strong><\/p>\n\n\n\n<figure class=\"wp-block-image size-large is-resized\"><img loading=\"lazy\" decoding=\"async\" src=\"https:\/\/www.cadeauxfolies.fr\/blog\/wp-content\/uploads\/2023\/11\/FR-Gaumont-Headlines-1024x691.png\" alt=\"\" class=\"wp-image-12662\" width=\"1024\" height=\"691\" srcset=\"https:\/\/www.cadeauxfolies.fr\/blog\/wp-content\/uploads\/2023\/11\/FR-Gaumont-Headlines-1024x691.png 1024w, https:\/\/www.cadeauxfolies.fr\/blog\/wp-content\/uploads\/2023\/11\/FR-Gaumont-Headlines-300x203.png 300w, https:\/\/www.cadeauxfolies.fr\/blog\/wp-content\/uploads\/2023\/11\/FR-Gaumont-Headlines-150x101.png 150w, https:\/\/www.cadeauxfolies.fr\/blog\/wp-content\/uploads\/2023\/11\/FR-Gaumont-Headlines-768x518.png 768w, https:\/\/www.cadeauxfolies.fr\/blog\/wp-content\/uploads\/2023\/11\/FR-Gaumont-Headlines-1536x1037.png 1536w, https:\/\/www.cadeauxfolies.fr\/blog\/wp-content\/uploads\/2023\/11\/FR-Gaumont-Headlines-1140x770.png 1140w, https:\/\/www.cadeauxfolies.fr\/blog\/wp-content\/uploads\/2023\/11\/FR-Gaumont-Headlines-720x486.png 720w, https:\/\/www.cadeauxfolies.fr\/blog\/wp-content\/uploads\/2023\/11\/FR-Gaumont-Headlines-160x108.png 160w, https:\/\/www.cadeauxfolies.fr\/blog\/wp-content\/uploads\/2023\/11\/FR-Gaumont-Headlines.png 1600w\" sizes=\"auto, (max-width: 1024px) 100vw, 1024px\" \/><\/figure>\n\n\n<div class=\"wp-block-image\">\n<figure class=\"aligncenter\"><a href=\"https:\/\/www.cadeauxfolies.fr\/ice-cooler-rafraichisseur-de-bouteilles-creatif\" target=\"_blank\" rel=\"noreferrer noopener\"><img decoding=\"async\" src=\"https:\/\/lh7-us.googleusercontent.com\/B8diMgdorvuHVC8LUaDXkUFMlp5XlZzOIeD5OC8XVGpB97pJaZzcc8CJdcqFMtln0Jl3pzQtabLYeGifGwixHkwvy5_CS8G8FHcVcMtaLj3FVhcdaNgjRKBoVYMZu5qH9Go3MvUxudylIrmgyNu3pPA\" alt=\"\"\/><\/a><\/figure><\/div>\n\n\n<p class=\"has-text-align-center has-white-color has-text-color has-background has-medium-font-size\" style=\"background-color:#435e63\"><a href=\"https:\/\/www.cadeauxfolies.fr\/ice-cooler-rafraichisseur-de-bouteilles-creatif\" target=\"_blank\" rel=\"noreferrer noopener\"><strong>5 x Rafra\u00eechisseurs de bouteille cr\u00e9atifs<\/strong><br><\/a>Pour embellir votre table de No\u00ebl<strong>&nbsp;<\/strong><\/p>\n\n\n<div class=\"wp-block-image\">\n<figure class=\"aligncenter\"><a href=\"https:\/\/www.cadeauxfolies.fr\/gants-de-cuisine-baguette\" target=\"_blank\" rel=\"noreferrer noopener\"><img decoding=\"async\" src=\"https:\/\/lh7-us.googleusercontent.com\/Q4le0Xdo-nR75yv9-sCwvApAsRxMMMO99axaAYZxfbhcOG-ghrar5FmDTE8-YWNz8L5Vi2nedyV3kxJlsyedH7ey5E1Dh3cJDQMMCML3Co5hCdU1Kzp7dMR0c2bsm0uEW7LkvreMmVAKDZjhoN_WQ9g\" alt=\"\"\/><\/a><\/figure><\/div>\n\n\n<p class=\"has-text-align-center has-white-color has-text-color has-background has-medium-font-size\" style=\"background-color:#435e63\"><a href=\"https:\/\/www.cadeauxfolies.fr\/gants-de-cuisine-baguette\" target=\"_blank\" rel=\"noreferrer noopener\"><strong>5 x Gants de cuisine Baguette<\/strong><br><\/a>Pour mijoter de bons petits plats de f\u00eates<\/p>\n\n\n\n<figure class=\"wp-block-image size-full\"><a href=\"https:\/\/www.gaumont.com\/fr\/fr\/film\/noel-joyeux\" target=\"_blank\" rel=\"noreferrer noopener\"><img loading=\"lazy\" decoding=\"async\" width=\"1340\" height=\"900\" src=\"https:\/\/www.cadeauxfolies.fr\/blog\/wp-content\/uploads\/2023\/11\/Gaumont-x-Cadeauxfolies_Kinokarte.png\" alt=\"\" class=\"wp-image-12655\" srcset=\"https:\/\/www.cadeauxfolies.fr\/blog\/wp-content\/uploads\/2023\/11\/Gaumont-x-Cadeauxfolies_Kinokarte.png 1340w, https:\/\/www.cadeauxfolies.fr\/blog\/wp-content\/uploads\/2023\/11\/Gaumont-x-Cadeauxfolies_Kinokarte-300x201.png 300w, https:\/\/www.cadeauxfolies.fr\/blog\/wp-content\/uploads\/2023\/11\/Gaumont-x-Cadeauxfolies_Kinokarte-1024x688.png 1024w, https:\/\/www.cadeauxfolies.fr\/blog\/wp-content\/uploads\/2023\/11\/Gaumont-x-Cadeauxfolies_Kinokarte-150x101.png 150w, https:\/\/www.cadeauxfolies.fr\/blog\/wp-content\/uploads\/2023\/11\/Gaumont-x-Cadeauxfolies_Kinokarte-768x516.png 768w, https:\/\/www.cadeauxfolies.fr\/blog\/wp-content\/uploads\/2023\/11\/Gaumont-x-Cadeauxfolies_Kinokarte-1140x766.png 1140w, https:\/\/www.cadeauxfolies.fr\/blog\/wp-content\/uploads\/2023\/11\/Gaumont-x-Cadeauxfolies_Kinokarte-720x484.png 720w, https:\/\/www.cadeauxfolies.fr\/blog\/wp-content\/uploads\/2023\/11\/Gaumont-x-Cadeauxfolies_Kinokarte-160x107.png 160w\" sizes=\"auto, (max-width: 1340px) 100vw, 1340px\" \/><\/a><\/figure>\n\n\n\n<p class=\"has-text-align-center has-white-color has-text-color has-background has-medium-font-size\" style=\"background-color:#435e63\"><strong>40 x Places de cin\u00e9ma<\/strong><br>Pour vous et la personne de votre choix pour le <a href=\"https:\/\/www.gaumont.com\/fr\/fr\/film\/noel-joyeux\" target=\"_blank\" rel=\"noreferrer noopener\">film No\u00ebl Joyeux<\/a>, <br>valable dans toutes les salles de cin\u00e9ma<\/p>\n\n\n<div class=\"wp-block-image\">\n<figure class=\"aligncenter size-full\"><img loading=\"lazy\" decoding=\"async\" width=\"1000\" height=\"300\" src=\"https:\/\/www.cadeauxfolies.fr\/blog\/wp-content\/uploads\/2023\/11\/Gaumont_gewinnspiel_teilnahme-4.png\" alt=\"\" class=\"wp-image-12687\" srcset=\"https:\/\/www.cadeauxfolies.fr\/blog\/wp-content\/uploads\/2023\/11\/Gaumont_gewinnspiel_teilnahme-4.png 1000w, https:\/\/www.cadeauxfolies.fr\/blog\/wp-content\/uploads\/2023\/11\/Gaumont_gewinnspiel_teilnahme-4-300x90.png 300w, https:\/\/www.cadeauxfolies.fr\/blog\/wp-content\/uploads\/2023\/11\/Gaumont_gewinnspiel_teilnahme-4-150x45.png 150w, https:\/\/www.cadeauxfolies.fr\/blog\/wp-content\/uploads\/2023\/11\/Gaumont_gewinnspiel_teilnahme-4-768x230.png 768w, https:\/\/www.cadeauxfolies.fr\/blog\/wp-content\/uploads\/2023\/11\/Gaumont_gewinnspiel_teilnahme-4-720x216.png 720w, https:\/\/www.cadeauxfolies.fr\/blog\/wp-content\/uploads\/2023\/11\/Gaumont_gewinnspiel_teilnahme-4-160x48.png 160w\" sizes=\"auto, (max-width: 1000px) 100vw, 1000px\" \/><\/figure><\/div>\n\n\n<p><\/p>\n\n\n\n<div class=\"wp-block-buttons is-content-justification-center is-layout-flex wp-container-core-buttons-is-layout-16018d1d wp-block-buttons-is-layout-flex\">\n<div class=\"wp-block-button has-custom-font-size has-medium-font-size\"><a class=\"wp-block-button__link has-white-color has-vivid-red-background-color has-text-color has-background wp-element-button\" href=\"https:\/\/www.cadeauxfolies.fr\/blog\/cadeauxfolies-noel-joyeux\" target=\"_blank\" rel=\"noreferrer noopener\"><strong>JE JOUE<\/strong><\/a><\/div>\n<\/div>\n\n\n\n<hr class=\"wp-block-separator has-alpha-channel-opacity\"\/>\n\n\n\n<p class=\"has-white-color has-text-color\"><strong><a href=\"https:\/\/www.cadeauxfolies.fr\/blog\/reglement-jeu-cadeauxfolies-x-noel-joyeux-du-29-novembre-au-13-decembre-2023\" target=\"_blank\" rel=\"noreferrer noopener\">R\u00e8glement <\/a><\/strong><\/p>\n\n\n\n<p><\/p>\n","protected":false},"excerpt":{"rendered":"<p>CADEAUX FOLIES F\u00caTE LA SORTIE DU FILM NO\u00cbL JOYEUX LE 6 D\u00c9CEMBRE 2023 PARTICIPEZ AU JEU-CONCOURS ET GAGNEZ DE NOMBREUX CADEAUX &nbsp; 5 x Rafra\u00eechisseurs de bouteille cr\u00e9atifsPour embellir votre table de No\u00ebl&nbsp; 5 x Gants de cuisine BaguettePour mijoter de bons petits plats de f\u00eates 40 x Places de cin\u00e9maPour vous et la personne&hellip;<\/p>\n","protected":false},"author":10,"featured_media":0,"parent":0,"menu_order":0,"comment_status":"closed","ping_status":"closed","template":"","meta":{"footnotes":""},"class_list":["post-12581","page","type-page","status-publish","hentry"],"yoast_head":"<!-- This site is optimized with the Yoast SEO plugin v25.5 - https:\/\/yoast.com\/wordpress\/plugins\/seo\/ -->\n<title>- Le Blog de CadeauxFolies<\/title>\n<meta name=\"robots\" content=\"index, follow, max-snippet:-1, max-image-preview:large, max-video-preview:-1\" \/>\n<link rel=\"canonical\" href=\"https:\/\/www.cadeauxfolies.fr\/blog\/grand-jeu-concours\" \/>\n<meta property=\"og:locale\" content=\"en_US\" \/>\n<meta property=\"og:type\" content=\"article\" \/>\n<meta property=\"og:title\" content=\"- Le Blog de CadeauxFolies\" \/>\n<meta property=\"og:description\" content=\"CADEAUX FOLIES F\u00caTE LA SORTIE DU FILM NO\u00cbL JOYEUX LE 6 D\u00c9CEMBRE 2023 PARTICIPEZ AU JEU-CONCOURS ET GAGNEZ DE NOMBREUX CADEAUX &nbsp; 5 x Rafra\u00eechisseurs de bouteille cr\u00e9atifsPour embellir votre table de No\u00ebl&nbsp; 5 x Gants de cuisine BaguettePour mijoter de bons petits plats de f\u00eates 40 x Places de cin\u00e9maPour vous et la personne&hellip;\" \/>\n<meta property=\"og:url\" content=\"https:\/\/www.cadeauxfolies.fr\/blog\/grand-jeu-concours\" \/>\n<meta property=\"og:site_name\" content=\"Le Blog de CadeauxFolies\" \/>\n<meta property=\"article:modified_time\" content=\"2023-11-30T12:02:01+00:00\" \/>\n<meta property=\"og:image\" content=\"https:\/\/www.cadeauxfolies.fr\/blog\/wp-content\/uploads\/2023\/11\/Gaumont_gewinnspiel_teilnahme-1.png\" \/>\n<meta name=\"twitter:label1\" content=\"Est. reading time\" \/>\n\t<meta name=\"twitter:data1\" content=\"2 minutes\" \/>\n<script type=\"application\/ld+json\" class=\"yoast-schema-graph\">{\"@context\":\"https:\/\/schema.org\",\"@graph\":[{\"@type\":\"WebPage\",\"@id\":\"https:\/\/www.cadeauxfolies.fr\/blog\/grand-jeu-concours\",\"url\":\"https:\/\/www.cadeauxfolies.fr\/blog\/grand-jeu-concours\",\"name\":\"- Le Blog de CadeauxFolies\",\"isPartOf\":{\"@id\":\"https:\/\/www.cadeauxfolies.fr\/blog\/#website\"},\"primaryImageOfPage\":{\"@id\":\"https:\/\/www.cadeauxfolies.fr\/blog\/grand-jeu-concours#primaryimage\"},\"image\":{\"@id\":\"https:\/\/www.cadeauxfolies.fr\/blog\/grand-jeu-concours#primaryimage\"},\"thumbnailUrl\":\"https:\/\/www.cadeauxfolies.fr\/blog\/wp-content\/uploads\/2023\/11\/Gaumont_gewinnspiel_teilnahme-1.png\",\"datePublished\":\"2023-11-20T10:17:39+00:00\",\"dateModified\":\"2023-11-30T12:02:01+00:00\",\"inLanguage\":\"en-US\",\"potentialAction\":[{\"@type\":\"ReadAction\",\"target\":[\"https:\/\/www.cadeauxfolies.fr\/blog\/grand-jeu-concours\"]}]},{\"@type\":\"ImageObject\",\"inLanguage\":\"en-US\",\"@id\":\"https:\/\/www.cadeauxfolies.fr\/blog\/grand-jeu-concours#primaryimage\",\"url\":\"https:\/\/www.cadeauxfolies.fr\/blog\/wp-content\/uploads\/2023\/11\/Gaumont_gewinnspiel_teilnahme-1.png\",\"contentUrl\":\"https:\/\/www.cadeauxfolies.fr\/blog\/wp-content\/uploads\/2023\/11\/Gaumont_gewinnspiel_teilnahme-1.png\",\"width\":1000,\"height\":300},{\"@type\":\"WebSite\",\"@id\":\"https:\/\/www.cadeauxfolies.fr\/blog\/#website\",\"url\":\"https:\/\/www.cadeauxfolies.fr\/blog\/\",\"name\":\"Le Blog de CadeauxFolies\",\"description\":\"\",\"publisher\":{\"@id\":\"https:\/\/www.cadeauxfolies.fr\/blog\/#organization\"},\"potentialAction\":[{\"@type\":\"SearchAction\",\"target\":{\"@type\":\"EntryPoint\",\"urlTemplate\":\"https:\/\/www.cadeauxfolies.fr\/blog\/?s={search_term_string}\"},\"query-input\":{\"@type\":\"PropertyValueSpecification\",\"valueRequired\":true,\"valueName\":\"search_term_string\"}}],\"inLanguage\":\"en-US\"},{\"@type\":\"Organization\",\"@id\":\"https:\/\/www.cadeauxfolies.fr\/blog\/#organization\",\"name\":\"Le Blog de CadeauxFolies\",\"url\":\"https:\/\/www.cadeauxfolies.fr\/blog\/\",\"logo\":{\"@type\":\"ImageObject\",\"inLanguage\":\"en-US\",\"@id\":\"https:\/\/www.cadeauxfolies.fr\/blog\/#\/schema\/logo\/image\/\",\"url\":\"https:\/\/www.cadeauxfolies.fr\/blog\/wp-content\/uploads\/2017\/10\/cadeauxfolies_570x180px_rechnungstemplate.png\",\"contentUrl\":\"https:\/\/www.cadeauxfolies.fr\/blog\/wp-content\/uploads\/2017\/10\/cadeauxfolies_570x180px_rechnungstemplate.png\",\"width\":570,\"height\":180,\"caption\":\"Le Blog de CadeauxFolies\"},\"image\":{\"@id\":\"https:\/\/www.cadeauxfolies.fr\/blog\/#\/schema\/logo\/image\/\"}}]}<\/script>\n<!-- \/ Yoast SEO plugin. -->","yoast_head_json":{"title":"- Le Blog de CadeauxFolies","robots":{"index":"index","follow":"follow","max-snippet":"max-snippet:-1","max-image-preview":"max-image-preview:large","max-video-preview":"max-video-preview:-1"},"canonical":"https:\/\/www.cadeauxfolies.fr\/blog\/grand-jeu-concours","og_locale":"en_US","og_type":"article","og_title":"- Le Blog de CadeauxFolies","og_description":"CADEAUX FOLIES F\u00caTE LA SORTIE DU FILM NO\u00cbL JOYEUX LE 6 D\u00c9CEMBRE 2023 PARTICIPEZ AU JEU-CONCOURS ET GAGNEZ DE NOMBREUX CADEAUX &nbsp; 5 x Rafra\u00eechisseurs de bouteille cr\u00e9atifsPour embellir votre table de No\u00ebl&nbsp; 5 x Gants de cuisine BaguettePour mijoter de bons petits plats de f\u00eates 40 x Places de cin\u00e9maPour vous et la personne&hellip;","og_url":"https:\/\/www.cadeauxfolies.fr\/blog\/grand-jeu-concours","og_site_name":"Le Blog de CadeauxFolies","article_modified_time":"2023-11-30T12:02:01+00:00","og_image":[{"url":"https:\/\/www.cadeauxfolies.fr\/blog\/wp-content\/uploads\/2023\/11\/Gaumont_gewinnspiel_teilnahme-1.png","type":"","width":"","height":""}],"twitter_misc":{"Est. reading time":"2 minutes"},"schema":{"@context":"https:\/\/schema.org","@graph":[{"@type":"WebPage","@id":"https:\/\/www.cadeauxfolies.fr\/blog\/grand-jeu-concours","url":"https:\/\/www.cadeauxfolies.fr\/blog\/grand-jeu-concours","name":"- Le Blog de CadeauxFolies","isPartOf":{"@id":"https:\/\/www.cadeauxfolies.fr\/blog\/#website"},"primaryImageOfPage":{"@id":"https:\/\/www.cadeauxfolies.fr\/blog\/grand-jeu-concours#primaryimage"},"image":{"@id":"https:\/\/www.cadeauxfolies.fr\/blog\/grand-jeu-concours#primaryimage"},"thumbnailUrl":"https:\/\/www.cadeauxfolies.fr\/blog\/wp-content\/uploads\/2023\/11\/Gaumont_gewinnspiel_teilnahme-1.png","datePublished":"2023-11-20T10:17:39+00:00","dateModified":"2023-11-30T12:02:01+00:00","inLanguage":"en-US","potentialAction":[{"@type":"ReadAction","target":["https:\/\/www.cadeauxfolies.fr\/blog\/grand-jeu-concours"]}]},{"@type":"ImageObject","inLanguage":"en-US","@id":"https:\/\/www.cadeauxfolies.fr\/blog\/grand-jeu-concours#primaryimage","url":"https:\/\/www.cadeauxfolies.fr\/blog\/wp-content\/uploads\/2023\/11\/Gaumont_gewinnspiel_teilnahme-1.png","contentUrl":"https:\/\/www.cadeauxfolies.fr\/blog\/wp-content\/uploads\/2023\/11\/Gaumont_gewinnspiel_teilnahme-1.png","width":1000,"height":300},{"@type":"WebSite","@id":"https:\/\/www.cadeauxfolies.fr\/blog\/#website","url":"https:\/\/www.cadeauxfolies.fr\/blog\/","name":"Le Blog de CadeauxFolies","description":"","publisher":{"@id":"https:\/\/www.cadeauxfolies.fr\/blog\/#organization"},"potentialAction":[{"@type":"SearchAction","target":{"@type":"EntryPoint","urlTemplate":"https:\/\/www.cadeauxfolies.fr\/blog\/?s={search_term_string}"},"query-input":{"@type":"PropertyValueSpecification","valueRequired":true,"valueName":"search_term_string"}}],"inLanguage":"en-US"},{"@type":"Organization","@id":"https:\/\/www.cadeauxfolies.fr\/blog\/#organization","name":"Le Blog de CadeauxFolies","url":"https:\/\/www.cadeauxfolies.fr\/blog\/","logo":{"@type":"ImageObject","inLanguage":"en-US","@id":"https:\/\/www.cadeauxfolies.fr\/blog\/#\/schema\/logo\/image\/","url":"https:\/\/www.cadeauxfolies.fr\/blog\/wp-content\/uploads\/2017\/10\/cadeauxfolies_570x180px_rechnungstemplate.png","contentUrl":"https:\/\/www.cadeauxfolies.fr\/blog\/wp-content\/uploads\/2017\/10\/cadeauxfolies_570x180px_rechnungstemplate.png","width":570,"height":180,"caption":"Le Blog de CadeauxFolies"},"image":{"@id":"https:\/\/www.cadeauxfolies.fr\/blog\/#\/schema\/logo\/image\/"}}]}},"_links":{"self":[{"href":"https:\/\/www.cadeauxfolies.fr\/blog\/wp-json\/wp\/v2\/pages\/12581","targetHints":{"allow":["GET"]}}],"collection":[{"href":"https:\/\/www.cadeauxfolies.fr\/blog\/wp-json\/wp\/v2\/pages"}],"about":[{"href":"https:\/\/www.cadeauxfolies.fr\/blog\/wp-json\/wp\/v2\/types\/page"}],"author":[{"embeddable":true,"href":"https:\/\/www.cadeauxfolies.fr\/blog\/wp-json\/wp\/v2\/users\/10"}],"replies":[{"embeddable":true,"href":"https:\/\/www.cadeauxfolies.fr\/blog\/wp-json\/wp\/v2\/comments?post=12581"}],"version-history":[{"count":34,"href":"https:\/\/www.cadeauxfolies.fr\/blog\/wp-json\/wp\/v2\/pages\/12581\/revisions"}],"predecessor-version":[{"id":12751,"href":"https:\/\/www.cadeauxfolies.fr\/blog\/wp-json\/wp\/v2\/pages\/12581\/revisions\/12751"}],"wp:attachment":[{"href":"https:\/\/www.cadeauxfolies.fr\/blog\/wp-json\/wp\/v2\/media?parent=12581"}],"curies":[{"name":"wp","href":"https:\/\/api.w.org\/{rel}","templated":true}]}}